 -1239 + 86, 0 = l + 2*z - 1158. What is the thousands digit of l?
1
Suppose 0 = 2*w + k - 70, w - 91 = -2*w + 2*k. Let m = -72 + w. Let d = 20 - m. What is the tens digit of d?
5
What is the thousands digit of (-138 - -128)*434/(-4)?
1
Suppose -7131 = -8*a - 2291. What is the units digit of a?
5
Suppose 14*a + 972 = 18*a. Let j = -124 + a. What is the hundreds digit of j?
1
Suppose f - 3*p - 751 = 0, 5*f - 10*p = -13*p + 3827. What is the units digit of f?
3
Let j = 29 - 1. Suppose r - 8*r + j = 0. Suppose 9 = r*f - 123. What is the tens digit of f?
3
Let c be (3/2)/((-2)/4). Let g be 0 + 33/3 + c. What is the tens digit of (-7)/28 - (-202)/g?
2
Let h(u) be the third derivative of 1/120*u**6 - 1/15*u**5 + 2/3*u**3 + 0*u + 1/24*u**4 + 4*u**2 + 0. What is the units digit of h(4)?
8
Suppose -46 = -2*r + 282. Suppose -4*d = -2*l - r, -d + 0*d + 2*l = -35. Suppose -5*h + d = 4*q, -2*h + 12 = -q - 0. What is the units digit of h?
7
Suppose 366 = 2*l - 558. What is the tens digit of l?
6
Let z(k) = k**3 + 15*k**2 - 16*k - 4. Let r be z(-16). Let p(m) = -m**3 - 6*m**2 - 5*m + 3. Let f be p(r). What is the tens digit of -36*-1*(-3)/f?
1
Suppose 0 = -2*p - 5*z + 233, 0*p - p - 4*z + 124 = 0. What is the units digit of p?
4
Let g(l) = -l**3 - 5*l**2 + l + 11. Let z be g(-5). Let t be 6/((-3)/(-9)*z). Let x = t - -30. What is the tens digit of x?
3
Let t = 18 - 16. Suppose 0 = t*d - d. Suppose d = 2*f + 3*f - 290. What is the units digit of f?
8
Suppose 2*u - 2*q - 217 - 819 = 0, 5*u = -q + 2590. Suppose 2*n = 9*v - 4*v + 550, -2*n - 3*v = -u. What is the hundreds digit of n?
2
Suppose -203 = -2*i + 5*v, -3*i + v + 397 = i. What is the units digit of i?
9
Suppose -7*j - j = -568. Suppose j*b - 67*b - 148 = 0. What is the tens digit of b?
3
Let p be (-284)/(-5) - 10/(-50). Suppose -f + p = 4*x - 4*f, -x = -4*f - 24. Let l = x - 5. What is the units digit of l?
7
Let u be 1/((5/(-2))/(-5)). Suppose 228 = g + u*g. What is the tens digit of g?
7
Let w(b) = 8*b - 3. Let j be w(1). Suppose -j*h = -3*h - 234. What is the hundreds digit of h?
1
Let k be 3/(-1) - (-165)/3. Let t = 106 - k. What is the units digit of t?
4
Suppose 2*z - 5 = 1. Suppose 6*u - 3 = z*u. What is the units digit of 5*-1*(u + -14)?
5
Suppose 155*f = 148*f + 798. What is the hundreds digit of f?
1
Let a be (-5)/(-2)*(-304)/(-20). Suppose -4*w + 178 + a = 0. What is the units digit of w?
4
Let d(r) = 2*r + 17. Let i be d(-7). Suppose -5*p + 4*p + i*v + 108 = 0, -5*p - 5*v = -560. Suppose 0 = t - 4*t + p. What is the tens digit of t?
3
Let l(o) = -2*o**3 + 2*o**2 + o - 2. Let k be (-2)/(-2)*-1*(1 + 1). What is the units digit of l(k)?
0
What is the units digit of 1419/(-86)*-37*2?
1
Suppose -9*u + 5112 = -8316. What is the units digit of u?
2
Suppose 0 = -5*z + z. Suppose z = -0*h - 3*h + 2*a + 204, -3*h = -4*a - 210. What is the tens digit of h?
6
Suppose 0 = -6*w + 7*w - 21. Let h = 23 - w. Suppose -h*d + 7*d - 94 = -3*f, 2*f = -4. What is the tens digit of d?
2
Let w(o) = -206*o + 254. What is the hundreds digit of w(-8)?
9
Let d(x) = x**2 - 12*x + 15. Let k be d(11). Suppose -k*f = -9*f. Suppose f = -5*t + 6*t - 25. What is the units digit of t?
5
Let i = -63 - -63. Suppose -4*l + 419 + 653 = i. What is the hundreds digit of l?
2
Let q(k) = 3*k**2 - 6*k + 40. What is the hundreds digit of q(10)?
2
Suppose 0 = -9*i + 6*i - 6*q + 7311, 4*i - 9715 = 3*q. What is the tens digit of i?
3
Let j = 51 + -19. Let h = 34 - j. Suppose 80 = 5*t - r - 4*r, -4*t + h*r = -62. What is the units digit of t?
5
Let b = -63 - 95. Let f = b - -274. What is the units digit of f?
6
Let x = 9 + -9. Suppose 0 = 5*t - x*t + 20. Let s = 6 + t. What is the units digit of s?
2
Let d(n) = n - 4. Let t be d(5). Let r(s) = s**3 - 4*s**2 + 2*s - 9. Let a be r(4). What is the units digit of 20/(-8)*(a - t)?
5
Suppose u = -3*f + 7, 4*f - 2*f = u - 2. Let d = u - 2. Suppose -c + 2*a = -19, 5*a - 46 = -d*c + a. What is the tens digit of c?
2
Let t = -31 - -67. Let h(x) = -3*x + 10. Let a be h(4). Let g = t + a. What is the units digit of g?
4
Suppose 33 = 3*o - 45. What is the units digit of (-1322)/(-26) + 4/o?
1
Suppose 4708*l - 30162 = 4697*l. What is the thousands digit of l?
2
Suppose -60 = -2*w + 4*h, 2*w - 106 = -3*h - 11. What is the units digit of w*-3*40/(-75)?
4
Suppose 0 = 3*c + 5*f - 2208, 2*c - 4*c + 1491 = -3*f. What is the tens digit of c?
4
Let v(x) = 329*x**2 + x - 2. What is the units digit of v(1)?
8
Suppose 32*f - 40*f + 4576 = 0. What is the tens digit of f?
7
Suppose -347*w = -336*w - 32989. What is the tens digit of w?
9
Let r(d) = 634*d - 199. What is the units digit of r(3)?
3
Let n(l) = -151*l - 2. Let h be n(-2). Suppose 2*w - h = -4*w. What is the units digit of w?
0
Let n be 160/70 + 2/(-7). Suppose -a - n*a = -180. Suppose 0*h = -h + a. What is the units digit of h?
0
Suppose -3*j + 4*m + 15556 = 0, 2*j - 3*m - 5197 - 5174 = 0. What is the tens digit of j?
8
Suppose t - 5*r - 4167 = 0, -5*t = -3*r - 3035 - 17822. Suppose 8*f = 12*f + t. What is the tens digit of (-2)/(-10) - f/35?
3
What is the tens digit of (1498/(-7))/((-18)/45)?
3
Let c(j) = 10*j**2 + 4*j + 7. What is the units digit of c(5)?
7
Let l(q) = 4*q**3 - 8*q**2 - 4*q - 6. What is the hundreds digit of l(4)?
1
Suppose -6*o + 6 = -6. Let k = 3 - -13. Suppose -r + o*l = -31, 2*r = 3*r + l - k. What is the tens digit of r?
2
Let p(a) = 2*a**2 - 7*a + 4. Let u be p(4). Let j = 19 - -5. What is the units digit of u/6*18/j?
1
Let a = -6776 - -12294. What is the units digit of a?
8
Suppose 24 = r - w - 0*w, 4*r + 4*w - 80 = 0. What is the units digit of r?
2
Let g(c) = -c**3 + 53*c**2 - 91*c - 165. What is the tens digit of g(51)?
9
Suppose -2*n = 0, -3*y - 3*n + 135 = n. What is the units digit of -2*(y/(-6) + 2)?
1
Let a(o) = 100*o - 36. Let f be a(5). Suppose 0 = -3*t + 5*z + 686, 3*z = 2*t - 2*z - f. What is the tens digit of t?
2
Suppose 0 = 2*t + 2*h + 392, 5*t - 4*t + 199 = -4*h. Let y(v) = v**2 - 20*v + 22. Let f be y(19). What is the units digit of (f/(-5))/(13/t)?
9
Let a = 167 + -111. Suppose b - a = -3*g, 2*g - 5*g = 3*b - 138. What is the tens digit of b?
4
Let p = -4198 + 5912. What is the units digit of p?
4
Suppose -2*n + 0*n - 476 = 2*p, 3*n - p = -710. Let r = 452 + n. What is the units digit of r?
5
Suppose 0 = -4*s - 34 + 302. Let l = -37 + s. What is the tens digit of 5/l - (-142)/12?
1
Let h be 0/(-5) - (-1 + -2). Suppose 5*x - 15 = 10. Let g = x - h. What is the units digit of g?
2
Let h(c) = -c**3 + 25*c**2 - 26*c + 23. Let a be h(24). Let m = a - -53. What is the units digit of m?
8
Let t = 36 + -74. Let p = 28 - t. What is the tens digit of p?
6
Let v(y) = -6*y**3 - 2*y**2 + 4*y - 17. What is the hundreds digit of v(-5)?
6
Let u = -286 + 411. Suppose 0 = b + 34 - u. What is the tens digit of b?
9
Suppose -8*a - 9*a + 2635 = 0. What is the hundreds digit of a?
1
Let n be 2/1 + (-7 - -4). Let t(w) = 61*w**2 - 2*w - 1. What is the units digit of t(n)?
2
Suppose -2*v + 647 - 157 = 0. What is the tens digit of v?
4
Suppose -66*j = -68*j + 350. What is the units digit of (-1)/(520/j - 3)?
5
Let o(g) = g**3 + 3*g**2 - g + 1. Let k be o(-3). Suppose -2*l - k = -4*l. What is the units digit of 1/l + 774/12?
5
Let t be 390/(-54) + 4/18. Let g(d) = d**2 - 6*d - 6. What is the units digit of g(t)?
5
Let p = 1185 - 2040. Let k be p/4 - (-18)/(-72). What is the tens digit of k/(-4) - (-7)/(-14)?
5
Let b(c) = -c**3 + 23*c**2 + 16*c + 59. What is the units digit of b(17)?
5
What is the units digit of (-8*31/(-10))/((-14)/(-105))?
6
Suppose 0 = -3*q + 3*v - 4 + 43, -v = -5. Let f be (-1 + 1)*1/2. Let r = q + f. What is the units digit of r?
8
Suppose -10 = -u - 7. What is the tens digit of 37 - ((-3 - (-2)/1) + u)?
3
Suppose 6 = 3*i - 6*i + 5*r, -3*r + 18 = 3*i. Suppose -i*g + 219 = -24. What is the units digit of g?
1
Let g = 15 - 14. Let c be 32 + g/(1/2). Suppose 5*j = 4*j + c. What is the tens digit of j?
3
Suppose 6*j - 8722 = 4946. What is the tens digit of j?
7
Suppose 0 = 5*b - 0*b - 940. Suppose -4*o + 2*h + b = 0, o - 16 - 13 = 5*h. What is the tens digit of o?
4
Let z be (-2)/(-3) + (-4)/(-3). Suppose 3*g + g = z*k - 92, g + 239 = 5*k. What is the units digit of k?
8
Let t(k) = -k**2 + 6*k + 3. Let v be t(6). Suppo